{"id":73,"date":"2020-07-05T21:43:54","date_gmt":"2020-07-05T21:43:54","guid":{"rendered":"https:\/\/midgardboardgames.yum.pl\/?page_id=73"},"modified":"2020-08-04T17:15:39","modified_gmt":"2020-08-04T17:15:39","slug":"strona-glowna","status":"publish","type":"page","link":"https:\/\/midgardboardgames.com\/","title":{"rendered":"Strona g\u0142\u00f3wna"},"content":{"rendered":"\n<div class=\"wp-block-media-text alignwide is-stacked-on-mobile\" style=\"grid-template-columns:33% auto\"><figure class=\"wp-block-media-text__media\"><img loading=\"lazy\" decoding=\"async\" width=\"720\" height=\"480\" src=\"https:\/\/midgardboardgames.yum.pl\/wp-content\/uploads\/2020\/07\/d1.jpg\" alt=\"\" class=\"wp-image-18\" srcset=\"https:\/\/midgardboardgames.com\/wp-content\/uploads\/2020\/07\/d1.jpg 720w, https:\/\/midgardboardgames.com\/wp-content\/uploads\/2020\/07\/d1-300x200.jpg 300w, https:\/\/midgardboardgames.com\/wp-content\/uploads\/2020\/07\/d1-416x277.jpg 416w\" sizes=\"(max-width: 720px) 100vw, 720px\" \/><\/figure><div class=\"wp-block-media-text__content\">\n<p>Getaway Driver to gra o asymetrycznej mechanice, a wi\u0119c dw\u00f3ch twarzach. Z jednej strony to szalona ucieczka samochodem przez miasto pe\u0142ne przeszk\u00f3d, kt\u00f3re pokona\u0107 mo\u017cna przy u\u017cyciu efektownej jazdy wyczynowej. Z drugiej strony to taktyczny po\u015bcig oddzia\u0142u policji za niebezpiecznym szale\u0144cem w aucie, kt\u00f3ry za nic ma bezpiecze\u0144stwo swoje i innych.<\/p>\n\n\n\n<p><a href=\"https:\/\/midgardboardgames.pl\/?product=getaway-driver-pl\">Kup Getaway Driver >><\/a><\/p>\n<\/div><\/div>\n\n\n\n<p><\/p>\n","protected":false},"excerpt":{"rendered":"<p>Getaway Driver to gra o asymetrycznej mechanice, a wi\u0119c dw\u00f3ch twarzach. Z jednej strony to szalona ucieczka samochodem przez miasto pe\u0142ne przeszk\u00f3d, kt\u00f3re pokona\u0107 mo\u017cna przy u\u017cyciu efektownej jazdy wyczynowej. Z drugiej strony to taktyczny po\u015bcig oddzia\u0142u policji za niebezpiecznym szale\u0144cem w aucie, kt\u00f3ry za nic ma bezpiecze\u0144stwo swoje i innych. Kup Getaway Driver >><\/p>\n","protected":false},"author":1,"featured_media":0,"parent":0,"menu_order":0,"comment_status":"closed","ping_status":"closed","template":"","meta":{"footnotes":""},"_links":{"self":[{"href":"https:\/\/midgardboardgames.com\/index.php?rest_route=\/wp\/v2\/pages\/73"}],"collection":[{"href":"https:\/\/midgardboardgames.com\/index.php?rest_route=\/wp\/v2\/pages"}],"about":[{"href":"https:\/\/midgardboardgames.com\/index.php?rest_route=\/wp\/v2\/types\/page"}],"author":[{"embeddable":true,"href":"https:\/\/midgardboardgames.com\/index.php?rest_route=\/wp\/v2\/users\/1"}],"replies":[{"embeddable":true,"href":"https:\/\/midgardboardgames.com\/index.php?rest_route=%2Fwp%2Fv2%2Fcomments&post=73"}],"version-history":[{"count":5,"href":"https:\/\/midgardboardgames.com\/index.php?rest_route=\/wp\/v2\/pages\/73\/revisions"}],"predecessor-version":[{"id":187,"href":"https:\/\/midgardboardgames.com\/index.php?rest_route=\/wp\/v2\/pages\/73\/revisions\/187"}],"wp:attachment":[{"href":"https:\/\/midgardboardgames.com\/index.php?rest_route=%2Fwp%2Fv2%2Fmedia&parent=73"}],"curies":[{"name":"wp","href":"https:\/\/api.w.org\/{rel}","templated":true}]}}